{"id":105,"date":"2024-12-04T14:13:59","date_gmt":"2024-12-04T13:13:59","guid":{"rendered":"http:\/\/192.168.1.201\/wordpress\/?page_id=105"},"modified":"2024-12-28T18:47:49","modified_gmt":"2024-12-28T18:47:49","slug":"sluzby","status":"publish","type":"page","link":"https:\/\/www.ecotrend.cz\/?page_id=105","title":{"rendered":"Slu\u017eby"},"content":{"rendered":"\n<p>V r\u00e1mci na\u0161ich podnikatelsk\u00fdch aktivit nab\u00edz\u00edme slu\u017eby zejm\u00e9na obc\u00edm a podnikatelsk\u00fdm subjekt\u016fm. Postupn\u011b roz\u0161i\u0159ujeme nab\u00eddku tak\u00e9 pro fyzick\u00e9 osoby.<\/p>\n\n\n\n<p>Zam\u011b\u0159ujeme se zejm\u00e9na na n\u00e1sleduj\u00edc\u00ed oblasti:<\/p>\n\n\n\n<h3 class=\"wp-block-heading\"><a href=\"https:\/\/www.ecotrend.cz\/?page_id=377\" data-type=\"page\" data-id=\"377\">Nefinan\u010dn\u00ed reporting \u2013 CSRD \/ ESG<\/a><\/h3>\n\n\n\n<p>Evropsk\u00e1 unie zavedla nov\u00e9 povinnosti v oblasti nefinan\u010dn\u00edho reportingu (d\u0159\u00edve tak\u00e9 ESG reportingu), kter\u00e9 mus\u00ed zpo\u010d\u00e1tku (od roku 2024) spl\u0148ovat velk\u00e9 podniky, postupn\u011b i st\u0159edn\u00ed a men\u0161\u00ed. Jedn\u00e1 se o soustavu sm\u011brnic a souvisej\u00edc\u00edch dokument\u016f pod zkratkami CSRD a ESRS, resp. o tzv. taxonomii.<\/p>\n\n\n\n<p><a href=\"https:\/\/www.ecotrend.cz\/?page_id=377\">V\u00edce informac\u00ed<\/a><\/p>\n\n\n\n<h3 class=\"wp-block-heading\"><a href=\"https:\/\/www.ecotrend.cz\/?page_id=378\" data-type=\"page\" data-id=\"378\">Certifikace &#8211; LCA a EPD<\/a><\/h3>\n\n\n\n<p>V\u00fdznamn\u00e1 \u010d\u00e1st\u00ed portfolia na\u0161ich slu\u017eeb spo\u010d\u00edv\u00e1 v poradenstv\u00ed t\u00fdkaj\u00edc\u00ed se zav\u00e1d\u011bn\u00ed modern\u00edch ekologick\u00fdch certifikac\u00ed v\u010detn\u011b LCA (Life Cycle Assessment) a EPD (Environmental Product Declaration).<\/p>\n\n\n\n<p><a href=\"https:\/\/www.ecotrend.cz\/?page_id=378\">V\u00edce informac\u00ed<\/a><\/p>\n\n\n\n<h3 class=\"wp-block-heading\"><a href=\"https:\/\/www.ecotrend.cz\/?page_id=380\" data-type=\"page\" data-id=\"380\">Ekologie a energetika<\/a><\/h3>\n\n\n\n<p>Nab\u00edz\u00edme bohat\u00fd servis pro podnikatele a ve\u0159ejnou spr\u00e1vu v oblasti ekologie a energetiky (strategie, vzd\u011bl\u00e1v\u00e1n\u00ed, osv\u011bta v oblasti odpad\u016f, obnoviteln\u00fdch zdroj\u016f energie a cirkul\u00e1rn\u00ed ekonomiky obecn\u011b, syst\u00e9mov\u00e1 \u0159e\u0161en\u00ed, efektivita, udr\u017eiteln\u00e1 doprava havarijn\u00ed pl\u00e1ny, provozn\u00ed \u0159\u00e1dy, ekologick\u00e1 administrativa).<\/p>\n\n\n\n<p><a href=\"https:\/\/www.ecotrend.cz\/?page_id=380\">V\u00edce informac\u00ed<\/a><\/p>\n\n\n\n<h3 class=\"wp-block-heading\"><a href=\"https:\/\/www.ecotrend.cz\/?page_id=381\" data-type=\"page\" data-id=\"381\">V\u00fdzkum a v\u00fdvoj, projekty, \u00fa\u010detnictv\u00ed a financov\u00e1n\u00ed<\/a><\/h3>\n\n\n\n<p>Dlouhodob\u011b se zam\u011b\u0159ujeme na v\u00fdzkum, v\u00fdvoj a inovace, v\u010detn\u011b iniciace, realizace a \u0159\u00edzen\u00ed projekt\u016f VaVaI, stejn\u011b jako p\u0159eshrani\u010dn\u00edch \u010di dal\u0161\u00edch projekt\u016f osv\u011bty a vzd\u011bl\u00e1v\u00e1n\u00ed. Jsme schopni zajistit expertn\u00ed slu\u017eby, v\u00fdkaznictv\u00ed, \u00fa\u010detnictv\u00ed projekt\u016f i cel\u00fdch firem i podklady pro environment\u00e1ln\u00ed parametry ve\u0159ejn\u00fdch zak\u00e1zek. Zajist\u00edme tak\u00e9 financov\u00e1n\u00ed z\u00e1m\u011br\u016f municipalit.<\/p>\n\n\n\n<p><a href=\"https:\/\/www.ecotrend.cz\/?page_id=381\">V\u00edce informac\u00ed<\/a><\/p>\n\n\n\n<h3 class=\"wp-block-heading\"><a href=\"https:\/\/www.ecotrend.cz\/?page_id=382\" data-type=\"page\" data-id=\"382\">PR a marketing<\/a><\/h3>\n\n\n\n<p>\u0158e\u0161\u00edte ekologick\u00fd spor? Pl\u00e1nujete zlep\u0161it svou image? Chcete pouk\u00e1zat na p\u0159\u00edzniv\u00fd environment\u00e1ln\u00ed aspekt Va\u0161ich produkt\u016f a slu\u017eeb? Specializujeme se na PR a marketing v oblasti ekologie a um\u00edme moderovat a facilitovat ekologick\u00e9 spory.<\/p>\n\n\n\n<p><a href=\"https:\/\/www.ecotrend.cz\/?page_id=382\">V\u00edce informac\u00ed<\/a><\/p>\n\n\n\n<p><\/p>\n","protected":false},"excerpt":{"rendered":"<p>V r\u00e1mci na\u0161ich podnikatelsk\u00fdch aktivit nab\u00edz\u00edme slu\u017eby zejm\u00e9na obc\u00edm a podnikatelsk\u00fdm subjekt\u016fm. Postupn\u011b roz\u0161i\u0159ujeme nab\u00eddku tak\u00e9 pro fyzick\u00e9 osoby. Zam\u011b\u0159ujeme se zejm\u00e9na na n\u00e1sleduj\u00edc\u00ed oblasti: Nefinan\u010dn\u00ed reporting \u2013 CSRD \/ ESG Evropsk\u00e1 unie zavedla nov\u00e9 povinnosti v oblasti nefinan\u010dn\u00edho reportingu (d\u0159\u00edve tak\u00e9 ESG reportingu), kter\u00e9 mus\u00ed zpo\u010d\u00e1tku (od roku 2024) spl\u0148ovat velk\u00e9 podniky, postupn\u011b i [&hellip;]<\/p>\n","protected":false},"author":1,"featured_media":2101,"parent":0,"menu_order":2,"comment_status":"closed","ping_status":"closed","template":"","meta":{"footnotes":""},"class_list":["post-105","page","type-page","status-publish","has-post-thumbnail","hentry"],"_links":{"self":[{"href":"https:\/\/www.ecotrend.cz\/index.php?rest_route=\/wp\/v2\/pages\/105","targetHints":{"allow":["GET"]}}],"collection":[{"href":"https:\/\/www.ecotrend.cz\/index.php?rest_route=\/wp\/v2\/pages"}],"about":[{"href":"https:\/\/www.ecotrend.cz\/index.php?rest_route=\/wp\/v2\/types\/page"}],"author":[{"embeddable":true,"href":"https:\/\/www.ecotrend.cz\/index.php?rest_route=\/wp\/v2\/users\/1"}],"replies":[{"embeddable":true,"href":"https:\/\/www.ecotrend.cz\/index.php?rest_route=%2Fwp%2Fv2%2Fcomments&post=105"}],"version-history":[{"count":2,"href":"https:\/\/www.ecotrend.cz\/index.php?rest_route=\/wp\/v2\/pages\/105\/revisions"}],"predecessor-version":[{"id":2223,"href":"https:\/\/www.ecotrend.cz\/index.php?rest_route=\/wp\/v2\/pages\/105\/revisions\/2223"}],"wp:featuredmedia":[{"embeddable":true,"href":"https:\/\/www.ecotrend.cz\/index.php?rest_route=\/wp\/v2\/media\/2101"}],"wp:attachment":[{"href":"https:\/\/www.ecotrend.cz\/index.php?rest_route=%2Fwp%2Fv2%2Fmedia&parent=105"}],"curies":[{"name":"wp","href":"https:\/\/api.w.org\/{rel}","templated":true}]}}